{"id":7177,"date":"2010-02-15T23:13:40","date_gmt":"2010-02-15T22:13:40","guid":{"rendered":"http:\/\/www.andreas-edler.de\/blog\/?page_id=7177"},"modified":"2021-10-26T09:48:15","modified_gmt":"2021-10-26T07:48:15","slug":"rad-bad-oeynhausen","status":"publish","type":"page","link":"https:\/\/www.andreas-edler.de\/blog\/rad-bad-oeynhausen\/","title":{"rendered":"Fahrrad fahren in Bad Oeynhausen"},"content":{"rendered":"\n<p><i><b>23.10.2006 &#8211;<\/b><\/i> Bad Oeynhausen hat einige <a href=\"http:\/\/www.rad-oeynhausen.de\/\" target=\"_new\" rel=\"noopener\">wirklich sch\u00f6ne Radwanderwege<\/a>, die entweder hier starten und enden oder aber auch &quot;nur&quot; durch Bad Oeynhausen hindurchf\u00fchren. Z.B. der &quot;<a href=\"http:\/\/www.andreas-edler.de\/blog\/radtouren\/weserradweg\/\">Weserradweg<\/a>&quot; den man mit Bad Oeynhausen als Startpunkt sehr sch\u00f6n in beide Richtungen befahren kann. Wir liegen hier direkt in der Mitte. Auch der &quot;Else-Werre-Radweg&quot; ist sch\u00f6n zu fahren.<\/p>\n<p>Die Wege sind <a href=\"http:\/\/www.andreas-edler.de\/blog\/2006\/08\/der-radweg-am-ende-der-woche\/\">meist asphaltiert oder zumindest befestigt und mit feinem Split versehen<\/a>. Da ben\u00f6tigt man kein vollgefedertes Mountainbike, selbst mit dem Rennrad sind die Touren bequem zu fahren. Nur kleine Nickeligkeiten wie die unzureichende <a href=\"http:\/\/www.andreas-edler.de\/blog\/2006\/08\/der-radweg-am-ende-der-woche\/\">Beleuchtung<\/a> und\/oder <a href=\"http:\/\/www.andreas-edler.de\/blog\/2006\/09\/radwege-oeynhausens-komplett-beschildert\" \/>Beschilderung<\/a> st\u00f6ren den Genu\u00df. Aber da will die Stadt wohl nicht dran. Drauf hingewiesen wurde sie.<\/p>\n<p>So bem\u00fcht sich Bad Oeynhausen auch schon seit Jahren um den Status &quot;<a href=\"http:\/\/www.fahrradfreundlich.nrw.de\/\">Fahrradfreundliche Stadt<\/a>&quot;. Hat bisher aber nicht so richtig geklappt, trotz der dollen Radwanderwege. Kleiner Tipp: um fahrradfreundlich zu sein, mu\u00df man sich nicht nur um die Sonntagsradler k\u00fcmmern, sondern den ganzen Verkehr darauf abstimmen. Und da hapert es in unserer Kurstadt leider ein wenig.<\/p>\n<p>Ein paar Stellen, an denen man vielleicht mal was tun k\u00f6nnte, habe ich im Kasten rechts aufgef\u00fchrt. Einfach mal reinschauen, liebe Leute.<\/p>\n<p align=\"center\"><img decoding=\"async\" src=\"http:\/\/www.andreas-edler.de\/grafik\/blog\/radwege_bo\/20061022_radfahren_verboten.jpg\" border=\"0\" alt=\"Radfahren verboten\" width=\"300\"><\/p>\n","protected":false},"excerpt":{"rendered":"<p>23.10.2006 &#8211; Bad Oeynhausen hat einige wirklich sch\u00f6ne Radwanderwege, die entweder hier starten und enden oder aber auch &quot;nur&quot; durch Bad Oeynhausen hindurchf\u00fchren. Z.B. der &quot;Weserradweg&quot; den man mit Bad Oeynhausen als Startpunkt sehr sch\u00f6n in beide Richtungen befahren kann. &hellip;<\/p>\n<p class=\"read-more\"> <a class=\"more-link\" href=\"https:\/\/www.andreas-edler.de\/blog\/rad-bad-oeynhausen\/\"> <span class=\"screen-reader-text\">Fahrrad fahren in Bad Oeynhausen<\/span> Weiterlesen &raquo;<\/a><\/p>\n","protected":false},"author":1,"featured_media":0,"parent":0,"menu_order":12,"comment_status":"open","ping_status":"open","template":"","meta":{"ngg_post_thumbnail":0,"activitypub_content_warning":"","activitypub_content_visibility":"","activitypub_max_image_attachments":2,"activitypub_interaction_policy_quote":"anyone","activitypub_status":"","footnotes":""},"class_list":["post-7177","page","type-page","status-publish","hentry"],"_links":{"self":[{"href":"https:\/\/www.andreas-edler.de\/blog\/wp-json\/wp\/v2\/pages\/7177","targetHints":{"allow":["GET"]}}],"collection":[{"href":"https:\/\/www.andreas-edler.de\/blog\/wp-json\/wp\/v2\/pages"}],"about":[{"href":"https:\/\/www.andreas-edler.de\/blog\/wp-json\/wp\/v2\/types\/page"}],"author":[{"embeddable":true,"href":"https:\/\/www.andreas-edler.de\/blog\/wp-json\/wp\/v2\/users\/1"}],"replies":[{"embeddable":true,"href":"https:\/\/www.andreas-edler.de\/blog\/wp-json\/wp\/v2\/comments?post=7177"}],"version-history":[{"count":0,"href":"https:\/\/www.andreas-edler.de\/blog\/wp-json\/wp\/v2\/pages\/7177\/revisions"}],"wp:attachment":[{"href":"https:\/\/www.andreas-edler.de\/blog\/wp-json\/wp\/v2\/media?parent=7177"}],"curies":[{"name":"wp","href":"https:\/\/api.w.org\/{rel}","templated":true}]}}

<p><i><b>23.10.2006 &#8211;</b></i> Bad Oeynhausen hat einige <a href="http://www.rad-oeynhausen.de/" target="_new" rel="noopener">wirklich schöne Radwanderwege</a>, die entweder hier starten und enden oder aber auch &quot;nur&quot; durch Bad Oeynhausen hindurchführen. Z.B. der &quot;<a href="http://www.andreas-edler.de/blog/radtouren/weserradweg/">Weserradweg</a>&quot; den man mit Bad Oeynhausen als Startpunkt sehr schön in beide Richtungen befahren kann. Wir liegen hier direkt in der Mitte. Auch der &quot;Else-Werre-Radweg&quot; ist schön zu fahren.</p>
<p>Die Wege sind <a href="http://www.andreas-edler.de/blog/2006/08/der-radweg-am-ende-der-woche/">meist asphaltiert oder zumindest befestigt und mit feinem Split versehen</a>. Da benötigt man kein vollgefedertes Mountainbike, selbst mit dem Rennrad sind die Touren bequem zu fahren. Nur kleine Nickeligkeiten wie die unzureichende <a href="http://www.andreas-edler.de/blog/2006/08/der-radweg-am-ende-der-woche/">Beleuchtung</a> und/oder <a href="http://www.andreas-edler.de/blog/2006/09/radwege-oeynhausens-komplett-beschildert" />Beschilderung</a> stören den Genuß. Aber da will die Stadt wohl nicht dran. Drauf hingewiesen wurde sie.</p>
<p>So bemüht sich Bad Oeynhausen auch schon seit Jahren um den Status &quot;<a href="http://www.fahrradfreundlich.nrw.de/">Fahrradfreundliche Stadt</a>&quot;. Hat bisher aber nicht so richtig geklappt, trotz der dollen Radwanderwege. Kleiner Tipp: um fahrradfreundlich zu sein, muß man sich nicht nur um die Sonntagsradler kümmern, sondern den ganzen Verkehr darauf abstimmen. Und da hapert es in unserer Kurstadt leider ein wenig.</p>
<p>Ein paar Stellen, an denen man vielleicht mal was tun könnte, habe ich im Kasten rechts aufgeführt. Einfach mal reinschauen, liebe Leute.</p>
<p align="center"><img decoding="async" src="http://www.andreas-edler.de/grafik/blog/radwege_bo/20061022_radfahren_verboten.jpg" border="0" alt="Radfahren verboten" width="300"></p>

<p>23.10.2006 &#8211; Bad Oeynhausen hat einige wirklich schöne Radwanderwege, die entweder hier starten und enden oder aber auch &quot;nur&quot; durch Bad Oeynhausen hindurchführen. Z.B. der &quot;Weserradweg&quot; den man mit Bad Oeynhausen als Startpunkt sehr schön in beide Richtungen befahren kann. &hellip;</p>
<p class="read-more"> <a class="more-link" href="https://www.andreas-edler.de/blog/rad-bad-oeynhausen/"> <span class="screen-reader-text">Fahrrad fahren in Bad Oeynhausen</span> Weiterlesen &raquo;</a></p>
