{"id":7155,"date":"2006-08-04T21:03:55","date_gmt":"2006-08-04T20:03:55","guid":{"rendered":"http:\/\/www.andreas-edler.de\/blog\/?page_id=7155"},"modified":"2023-12-15T13:03:06","modified_gmt":"2023-12-15T12:03:06","slug":"kaminholzunterstand","status":"publish","type":"page","link":"https:\/\/www.andreas-edler.de\/blog\/holzterrasse\/kaminholzunterstand\/","title":{"rendered":"Kaminholzunterstand"},"content":{"rendered":"<br \/>\n<h3 align=\"center\">Ein Kaminholzunterstand mu\u00df her<\/h3>\n<h4 align=\"center\">Fr\u00fchjahr \/ Sommer 2006<\/h4>\n<p>Kurz nachdem wir in unser Haus eingezogen waren, mu\u00dfte ein Kamin her. Naja, so ein Holzofen mit Glasscheibe vorne eben. Und dazu braucht man Holz zum Feuern &#8211; viel Holz! Zuerst haben wir das Brennmaterial hinten im Carport gestapelt. Das hat nat\u00fcrlich den Nachteil, dass dort Platz verloren geht, den man auch besser nutzen kann.<\/p>\n<div class=\"info\">\n<h5>Wie hab&#8216; ich&#8217;s gemacht?<br \/>Verweise ins Blog &#8230;<\/h5>\n<ul>\n<li><a href=\"https:\/\/www.andreas-edler.de\/blog\/2006\/03\/das-naechste-projekt\/\">30.03.2006 &#8211; Holzeink\u00e4ufe<\/a><\/li>\n<li><a href=\"https:\/\/www.andreas-edler.de\/blog\/2006\/06\/vorsorgemanahmen\/\">03.06.2006 &#8211; Pflastern<\/a><\/li>\n<li><a href=\"https:\/\/www.andreas-edler.de\/blog\/2006\/06\/holzecke\/\">24.06.2006 &#8211; der Boden ist fertig<\/a><\/li>\n<li><a href=\"https:\/\/www.andreas-edler.de\/blog\/2006\/07\/messen-saegen-schrauben\/\">01.07.2006 &#8211; das Ger\u00fcst nimmt Gestalt an<\/a><\/li>\n<li><a href=\"https:\/\/www.andreas-edler.de\/blog\/2006\/07\/lohn-der-arbeit\/\">22.07.2006 &#8211; langsam geht&#8217;s voran<\/a><\/li>\n<li><a href=\"https:\/\/www.andreas-edler.de\/blog\/2006\/08\/dach-drauf\/\">01.08.2006 &#8211; Dach drauf<\/a><\/li>\n<li><a href=\"https:\/\/www.andreas-edler.de\/blog\/2006\/08\/ruhe\/\">04.08.2006 &#8211; Fertig!<\/a><\/li>\n<li><a href=\"https:\/\/www.andreas-edler.de\/blog\/2007\/03\/holz-in-der-huette-2\/\">28.03.2007 &#8211; &#8230; endlich ist Holz drin!<\/a><\/li>\n<li><a href=\"https:\/\/www.andreas-edler.de\/blog\/2009\/03\/kaminholzunterstand-der-zweite\/\">14.03.2009 &#8211; eine zus\u00e4tzlicher Unterstand mu\u00df her<\/a><\/li>\n<li><a href=\"https:\/\/www.andreas-edler.de\/blog\/2023\/12\/teerpappendach-repariert\/\">15.12.2023 &#8211; Teerpappendach repariert<\/a><\/li>\n<\/ul><\/div>\n<h4>Wohin also mit dem Holz?<\/h4>\n<p>Nachdem wir gl\u00fccklicherweise einen alten Dachstuhl von einem Abrisshaus bekommen hatten (Feinste Eiche, Buchen- und Tannenbalken. Gute hundert Jahre alt), stapelten wir \u00fcberall. Neben der Haust\u00fcr unter dem Dach\u00fcberstand, hinten im Gem\u00fcsegarten wurden notd\u00fcrftig zwei Stapel gemacht. Alles unbefriedigend.<\/p>\n<p>Nachdem aber im Garten so langsam Land in Sicht war und sich herauskristallisierte, was wir wo haben wollten, war klar, dass das Holz in der hintersten Ecke des Grundst\u00fccks (das ist gar nicht so gro\u00df) untergebracht werden sollte. Die Vorbesitzerin hatte dort ihren Kompost. Wir hatten den abgebaut und die Ecke lag brach und verkrautete. Ideal.<\/p>\n<p align=\"center\"><img loading=\"lazy\" decoding=\"async\" src=\"https:\/\/www.andreas-edler.de\/grafik\/holzunterstand\/unkrautecke.jpg\" width=\"470\" height=\"189\" border=\"0\" alt=\"\"><\/p>\n<p>Kosten sollte das ganze nat\u00fcrlich m\u00f6glichst wenig und ich wollte die ganzen \u00fcberz\u00e4hligen Pflastersteine und Betonplatten, die wohl auf jedem Grundst\u00fcck irgendwo rumliegen, weiter verwenden und somit zus\u00e4tzlich aufr\u00e4umen. Und das hat letztendlich auch funktioniert. Nur die Kosten &#8230; naja &#8230; kostenlos war&#8217;s nicht ;-) Ich habe 6 Bodeneinschlagh\u00fclsen f\u00fcr die St\u00fctzen in den Boden gesetzt und das Trageger\u00fcst aus 70x70er Balken aufgebaut. Das Dach f\u00e4llt nach vorne leicht ab.<\/p>\n<p align=\"center\"><img loading=\"lazy\" decoding=\"async\" src=\"https:\/\/www.andreas-edler.de\/grafik\/holzunterstand\/grundgeruest.jpg\" width=\"470\" height=\"288\" border=\"0\" alt=\"\"><\/p>\n<p>F\u00fcr die Verlattung der W\u00e4nde mussten einfache Latten in 48&#215;70 herhalten, die tragen ja nichts. Gestrichen ist das Ganze mit einer wasserl\u00f6slichen Lasur. Ich habe das billigste genommen, was der Marktkauf hergab &#8211; hey, es ist nur ein Unterstand. Die hintere Verkleidung habe ich deshalb aus Plexiglas gew\u00e4hlt, weil dort die Hecken der Nachbarn direkt an den Unterstand sto\u00dfen und scheuern. Ich glaube das w\u00e4re f\u00fcr&#8217;s Holz nicht so gut, jetzt bleibt es trocken und dem Plexiglas ist es egal, wenn feuche \u00c4ste daran schuppern. Au\u00dferdem lag die Rolle hier noch rum!<\/p>\n<p align=\"center\"><img loading=\"lazy\" decoding=\"async\" src=\"https:\/\/www.andreas-edler.de\/grafik\/holzunterstand\/streichen.jpg\" width=\"470\" height=\"225\" border=\"0\" alt=\"\"><\/p>\n<p>Die Entstehungsgeschichte (naja, ein paar zus\u00e4tzliche Fotos und etwas mehr Text)  gibt&#8217;s im Blog. Ist oben alles chronologisch verlinkt!<\/p>\n<p align=\"center\"><img loading=\"lazy\" decoding=\"async\" src=\"https:\/\/www.andreas-edler.de\/grafik\/holzunterstand\/fertig.jpg\" width=\"470\" height=\"182\" border=\"0\" alt=\"\"><\/p>\n","protected":false},"excerpt":{"rendered":"<p>Ein Kaminholzunterstand mu\u00df her Fr\u00fchjahr \/ Sommer 2006 Kurz nachdem wir in unser Haus eingezogen waren, mu\u00dfte ein Kamin her. Naja, so ein Holzofen mit Glasscheibe vorne eben. Und dazu braucht man Holz zum Feuern &#8211; viel Holz! Zuerst haben &hellip;<\/p>\n<p class=\"read-more\"> <a class=\"more-link\" href=\"https:\/\/www.andreas-edler.de\/blog\/holzterrasse\/kaminholzunterstand\/\"> <span class=\"screen-reader-text\">Kaminholzunterstand<\/span> Weiterlesen &raquo;<\/a><\/p>\n","protected":false},"author":1,"featured_media":0,"parent":7150,"menu_order":8,"comment_status":"open","ping_status":"open","template":"","meta":{"ngg_post_thumbnail":0,"activitypub_content_warning":"","activitypub_content_visibility":"","activitypub_max_image_attachments":2,"activitypub_interaction_policy_quote":"anyone","activitypub_status":"","footnotes":""},"class_list":["post-7155","page","type-page","status-publish","hentry"],"_links":{"self":[{"href":"https:\/\/www.andreas-edler.de\/blog\/wp-json\/wp\/v2\/pages\/7155","targetHints":{"allow":["GET"]}}],"collection":[{"href":"https:\/\/www.andreas-edler.de\/blog\/wp-json\/wp\/v2\/pages"}],"about":[{"href":"https:\/\/www.andreas-edler.de\/blog\/wp-json\/wp\/v2\/types\/page"}],"author":[{"embeddable":true,"href":"https:\/\/www.andreas-edler.de\/blog\/wp-json\/wp\/v2\/users\/1"}],"replies":[{"embeddable":true,"href":"https:\/\/www.andreas-edler.de\/blog\/wp-json\/wp\/v2\/comments?post=7155"}],"version-history":[{"count":0,"href":"https:\/\/www.andreas-edler.de\/blog\/wp-json\/wp\/v2\/pages\/7155\/revisions"}],"up":[{"embeddable":true,"href":"https:\/\/www.andreas-edler.de\/blog\/wp-json\/wp\/v2\/pages\/7150"}],"wp:attachment":[{"href":"https:\/\/www.andreas-edler.de\/blog\/wp-json\/wp\/v2\/media?parent=7155"}],"curies":[{"name":"wp","href":"https:\/\/api.w.org\/{rel}","templated":true}]}}