{"id":7150,"date":"2005-05-30T15:07:38","date_gmt":"2005-05-30T14:07:38","guid":{"rendered":"http:\/\/www.andreas-edler.de\/blog\/?page_id=7150"},"modified":"2023-04-15T19:28:03","modified_gmt":"2023-04-15T17:28:03","slug":"holzterrasse","status":"publish","type":"page","link":"https:\/\/www.andreas-edler.de\/blog\/holzterrasse\/","title":{"rendered":"Holzterrasse aus Bangkirai selbstgebaut"},"content":{"rendered":"<br \/>\n<h4>&#8230; eine kleine, bebilderte Anleitung<\/h4>\n<h4 align=\"center\">vom 26.03.2005 bis zum 28.05.2005<\/h4>\n<div class=\"info\">\n<h5>Wie hab&#8216; ich&#8217;s gemacht?<br \/>Verweise ins Blog &#8230;<\/h5>\n<ul>\n<li><a href=\"https:\/\/www.andreas-edler.de\/blog\/2005\/03\/gartenterrasse\/\" target=\"_new\" rel=\"noopener\">26.03.2005 &#8211; Lichtschacht bauen<\/a><\/li>\n<li><a href=\"https:\/\/www.andreas-edler.de\/blog\/2005\/04\/fetter-stein-gartenterrasse-die-zweite\/\" target=\"_new\" rel=\"noopener\">04.04.2005 &#8211; Wackerstein bewegen<\/a><\/li>\n<li><a href=\"https:\/\/www.andreas-edler.de\/blog\/2005\/04\/da-kommt-sie-mal-hin-gartenterrasse-nr\/\" target=\"_new\" rel=\"noopener\">07.04.2005 &#8211; Rindenmulch weg<\/a><\/li>\n<li><a href=\"https:\/\/www.andreas-edler.de\/blog\/2005\/04\/terrasse-nr-4\/\" target=\"_new\" rel=\"noopener\">13.04.2005 &#8211; ausschachten<\/a><\/li>\n<li><a href=\"https:\/\/www.andreas-edler.de\/blog\/2005\/04\/gartenterrasse-nr-5\/\" target=\"_new\" rel=\"noopener\">16.04.2005 &#8211; ausschachten II<\/a><\/li>\n<li><a href=\"https:\/\/www.andreas-edler.de\/blog\/2005\/04\/terrasse-6\/\" target=\"_new\" rel=\"noopener\">23.04.2005 &#8211; Schilderpf\u00e4hle setzen<\/a><\/li>\n<li><a href=\"https:\/\/www.andreas-edler.de\/blog\/2005\/04\/terrasse-nr-7\/\" target=\"_new\" rel=\"noopener\">29.04.2005 &#8211; kleine Skizze<\/a><\/li>\n<li><a href=\"https:\/\/www.andreas-edler.de\/blog\/2005\/05\/terrasse-tragekonstruktion-verschrauben\/\" target=\"_new\" rel=\"noopener\">14.05.2005 &#8211; Tr\u00e4ger basteln<\/a><\/li>\n<li><a href=\"https:\/\/www.andreas-edler.de\/blog\/2005\/05\/es-dauert-und-dauert-terrasse-9\/\" target=\"_new\" rel=\"noopener\">17.05.2005 &#8211; Tr\u00e4ger basteln II<\/a><\/li>\n<li><a href=\"https:\/\/www.andreas-edler.de\/blog\/2005\/05\/zum-10-bald-knnen-wir-uns-sonnen\/\" target=\"_new\" rel=\"noopener\">21.05.2005 &#8211; Beton machen<\/a><\/li>\n<li><a href=\"https:\/\/www.andreas-edler.de\/blog\/2005\/05\/palisadensteine-terrasse-11\/\" target=\"_new\" rel=\"noopener\">23.05.2005 &#8211; Palisadensteine<\/a><\/li>\n<li><a href=\"https:\/\/www.andreas-edler.de\/blog\/2005\/05\/es-schlgt-12-bei-der-bastelei-mit\/\" target=\"_new\" rel=\"noopener\">26.05.2005 &#8211; Grundger\u00fcst fertig<\/a><\/li>\n<li><a href=\"https:\/\/www.andreas-edler.de\/blog\/2005\/05\/noch-ein-tag\/\" target=\"_new\" rel=\"noopener\">27.05.2005 &#8211; verlegen &#8230;<\/a><\/li>\n<li><a href=\"https:\/\/www.andreas-edler.de\/blog\/2005\/05\/fertig-geschafft-die-holzterrasse-ist\/\" target=\"_new\" rel=\"noopener\">28.05.2005 &#8211; fertig!<\/a><\/li>\n<li><a href=\"https:\/\/www.andreas-edler.de\/blog\/2005\/08\/hoffentlich-hlts\/\" target=\"_new\" rel=\"noopener\">19.08.2005 &#8211; mit Beleuchtung<\/a><\/li>\n<li><a href=\"https:\/\/www.andreas-edler.de\/blog\/2006\/04\/holzterrasse-nach-einem-jahr\/\" target=\"_new\" rel=\"noopener\">23.04.2006 &#8211; ein Jahr sp\u00e4ter<\/a><\/li>\n<li><a href=\"https:\/\/www.andreas-edler.de\/blog\/2006\/06\/holzterrasse-die-macken\/\" target=\"_new\" rel=\"noopener\">06.06.2006 &#8211; die kleinen Macken<\/a><\/li>\n<li><a href=\"https:\/\/www.andreas-edler.de\/blog\/2006\/08\/holzterrasse-sonnensegel\/\" target=\"_new\" rel=\"noopener\">12.08.2006 &#8211; ein Sonnensegel<\/a><\/li>\n<li><a href=\"https:\/\/www.andreas-edler.de\/blog\/2007\/01\/holzterrasse-videobastelei\/\" target=\"_new\" rel=\"noopener\">14.01.2007 &#8211; Filmchen vom Bau<\/a><\/li>\n<li><a href=\"https:\/\/www.andreas-edler.de\/blog\/2007\/05\/nachbesserungsarbeiten\/\" target=\"_new\" rel=\"noopener\">06.05.2007 &#8211; Nachbessern<\/a><\/li>\n<li><a href=\"https:\/\/www.andreas-edler.de\/blog\/2007\/06\/holzterrasse-stufenlos\/\" target=\"_new\" rel=\"noopener\">23.06.2007 &#8211; Stufenlos<\/a><\/li>\n<li><a href=\"https:\/\/www.andreas-edler.de\/blog\/2007\/07\/total-abgespannt\/\" target=\"_new\" rel=\"noopener\">14.07.2007 &#8211; total abgespannt<\/a><\/li>\n<li><a href=\"https:\/\/www.andreas-edler.de\/blog\/2007\/12\/holzterrasse-rutscht\/\" target=\"_new\" rel=\"noopener\">19.12.2007 &#8211; Holzterrasse rutscht<\/a><\/li>\n<li><a href=\"https:\/\/www.andreas-edler.de\/blog\/2008\/04\/20-statt-10-watt\/\" target=\"_new\" rel=\"noopener\">26.04.2008 &#8211; Lichtreperatur<\/a><\/li>\n<li><a href=\"https:\/\/www.andreas-edler.de\/blog\/2008\/07\/holzterrasse-rumgespielt\/\" target=\"_new\" rel=\"noopener\">28.07.2008 &#8211; Lauer Sommerabend<\/a><\/li>\n<li><a href=\"https:\/\/www.andreas-edler.de\/blog\/2009\/07\/holzterrasse-abgesackt\/\" target=\"_new\" rel=\"noopener\">04.07.2009 &#8211; Holzterrasse abgesackt<\/a><\/li>\n<li><a href=\"https:\/\/www.andreas-edler.de\/blog\/2009\/08\/holzliege\/\" target=\"_new\" rel=\"noopener\">01.08.2009 &#8211; Resteverwertung: eine neue Holzliege<\/a><\/li>\n<li><a href=\"https:\/\/www.andreas-edler.de\/blog\/2010\/12\/winterimpressionen\/\" target=\"_new\" rel=\"noopener\">20.12.2010 &#8211; Schnee und Licht<\/a><\/li>\n<li><a href=\"https:\/\/www.andreas-edler.de\/blog\/2011\/03\/grundreinigung-der-holzterrasse\/\" target=\"_new\" rel=\"noopener\">26.03.2011 &#8211; Grundreinigung der Holzterrasse<\/a><\/li>\n<li><a href=\"https:\/\/www.andreas-edler.de\/blog\/2014\/06\/die-holzterrasse-ist-zu-klein\/\" target=\"_new\" rel=\"noopener\">03.06.2014 &#8211; Fl\u00e4che zur Erweiterung der Terrasse schaffen<\/a><\/li>\n<li><a href=\"https:\/\/www.andreas-edler.de\/blog\/2014\/06\/holzterrasse-leicht-gerichtet\/\" target=\"_new\" title=\"Holzterrasse leicht gerichtet\" rel=\"noopener\">24.06.2014 &#8211; Holzterrasse leicht gerichtet<\/a><\/li>\n<li><a href=\"https:\/\/www.andreas-edler.de\/blog\/2014\/07\/sockelputz\/\" target=\"_new\" title=\"Sockelputz\" rel=\"noopener\">13.07.2014 &#8211; Sockelputz<\/a><\/li>\n<li><a href=\"https:\/\/www.andreas-edler.de\/blog\/2014\/07\/sockel-vom-wintergarten\/\" target=\"_new\" title=\"Sockel vom Wintergarten\" rel=\"noopener\">19.07.2014 &#8211; Sockel vom Wintergarten<\/a><\/li>\n<li><a href=\"https:\/\/www.andreas-edler.de\/blog\/2014\/07\/neue-kantsteine-setzen\/\" target=\"_new\" title=\"Neue Kantsteine setzen\" rel=\"noopener\">27.07.2014 &#8211; Erweiterung: neue Kantsteine setzen<\/a><\/li>\n<li><a href=\"https:\/\/www.andreas-edler.de\/blog\/2014\/08\/neue-stuetzen-fuer-die-holzterrassen-erweiterung\/\" target=\"_new\" title=\"Neue St\u00fctzen f\u00fcr die Holzterrassen-Erweiterung\" rel=\"noopener\">12.08.2014 &#8211; Erweiterung: weitere St\u00fctzen basteln<\/a><\/li>\n<li><a href=\"https:\/\/www.andreas-edler.de\/blog\/2014\/08\/neue-stuetzen-fuer-die-holzterrassen-erweiterung\/\" target=\"_new\" title=\"Neue St\u00fctzen f\u00fcr die Holzterrassen-Erweiterung\" rel=\"noopener\">12.08.2014 &#8211; Neue St\u00fctzen f\u00fcr die Holzterrassen-Erweiterung<\/a><\/li>\n<li><a href=\"https:\/\/www.andreas-edler.de\/blog\/2014\/08\/tragekonstruktion-fuer-die-erweiterung-der-holzterrasse\/\" title=\"Tragekonstruktion f\u00fcr die Erweiterung der Holzterrasse\" target=\"_new\" rel=\"noopener\">17.08.2014 &#8211; Erweiterung: Tragekonstruktion<\/a><\/li>\n<li><a href=\"https:\/\/www.andreas-edler.de\/blog\/2014\/08\/belag-auf-die-holzterrasse-schrauben\/\" target=\"_new\" title=\"Belag auf die Holzterrasse schrauben\" rel=\"noopener\">19.08.2014 &#8211; Belag auf die Holzterrasse schrauben<\/a><\/li>\n<li><a href=\"https:\/\/www.andreas-edler.de\/blog\/2014\/08\/95-fertig\/\" target=\"_new\" title=\"95% fertig\" rel=\"noopener\">22.08.2014 &#8211; 95% fertig<\/a><\/li>\n<li><a href=\"https:\/\/www.andreas-edler.de\/blog\/2014\/08\/erweiterung-der-holzterrasse-gelungen\/\" target=\"_new\" title=\"Erweiterung der Holzterrasse gelungen\" rel=\"noopener\">23.08.2014 &#8211; Erweiterung der Holzterrasse gelungen<\/a><\/li>\n<li><a href=\"https:\/\/www.andreas-edler.de\/blog\/2015\/07\/stuetzen-fuer-den-holzweg\/\" target=\"_new\" rel=\"noopener\">31.07.2015 &#8211; St\u00fctzen f\u00fcr den Holzweg<\/a><\/li>\n<li><a href=\"https:\/\/www.andreas-edler.de\/blog\/2015\/08\/unkrautschutz\/\" target=\"_new\" rel=\"noopener\">10.08.2015 &#8211; Unkrautschutz<\/a><\/li>\n<li><a href=\"https:\/\/www.andreas-edler.de\/blog\/2015\/08\/holzweg-ist-fertig\/\" target=\"_new\" rel=\"noopener\">19.08.2015 &#8211; Auf dem Holzweg<\/a><\/li>\n<li><a href=\"https:\/\/www.andreas-edler.de\/blog\/2015\/11\/beleuchtung-an-der-holzterrasse\/\" target=\"_new\" rel=\"noopener\">09.11.2015 &#8211; Beleuchtung am Teich<\/a><\/li>\n<li><a href=\"https:\/\/www.andreas-edler.de\/blog\/2016\/04\/holzterrasse-neu-gekaerchert\/\" target=\"_new\" rel=\"noopener\">09.04.2016 &#8211; neu gek\u00e4rchert<\/a><\/li>\n<li><a href=\"https:\/\/www.andreas-edler.de\/blog\/2023\/04\/holzterrasse-nach-18-jahren\/\" target=\"_new\" rel=\"noopener\">15.04.2023 &#8211; nach 18 Jahren immer noch zufrieden<\/a><\/li>\n<\/ul>\n<p><!--      \n\n<h5>Kosten:<\/h5>\n\n\n      \n\n<table style=\"font-size:smaller\">\n       \n\n<tr>\n\n<td align=\"left\" valign=\"bottom\">Bangkirai Dielen 25x145 \/ 136,62 lfm<br \/>\n               Bangkirai Rahmen 45x70 \/ 31,99 lfm<br \/>\n               Edelstahlschrauben 4x40 \/ 400 St.<br \/>\n               Bit kurz \/ 1 St.<br \/>\n               Winkelverbinder 70x70x55 \/ 7 St.<\/td>\n\n\n\n<td align=\"right\" valign=\"bottom\">743,92<\/td>\n\n<\/tr>\n\n\n       \n\n<tr>\n\n<td align=\"left\" valign=\"bottom\">Palisadenkante grau 25x47x6 \/ 24 St.<\/td>\n\n\n\n<td align=\"right\" valign=\"bottom\">62,36<\/td>\n\n<\/tr>\n\n\n       \n\n<tr>\n\n<td align=\"left\" valign=\"bottom\">Winkelverbinder 70x70x55x2,5 \/ 2 St.<\/td>\n\n\n\n<td align=\"right\" valign=\"bottom\">1,09<\/td>\n\n<\/tr>\n\n\n       \n\n<tr>\n\n<td align=\"left\" valign=\"bottom\">GH St\u00fctzenfu\u00df Typ L 16x200 \/ 21 St.<\/td>\n\n\n\n<td align=\"right\" valign=\"bottom\">93,18<\/td>\n\n<\/tr>\n\n\n       \n\n<tr>\n\n<td align=\"left\" valign=\"bottom\">Sennesand \/ 0,4 To.<\/td>\n\n\n\n<td align=\"right\" valign=\"bottom\">11,81<\/td>\n\n<\/tr>\n\n\n       \n\n<tr>\n\n<td align=\"left\" valign=\"bottom\">Pfostentr\u00e4ger L Form 20cm \/ 20 St.<\/td>\n\n\n\n<td align=\"right\" valign=\"bottom\">78,88<\/td>\n\n<\/tr>\n\n\n       \n\n<tr>\n\n<td align=\"left\" valign=\"bottom\">Schilderpfahl 60cm \/ 15 St.<\/td>\n\n\n\n<td align=\"right\" valign=\"bottom\">120,93<\/td>\n\n<\/tr>\n\n\n       \n\n<tr>\n\n<td align=\"left\" valign=\"bottom\">Schilderpfahl 60xm \/ 6 St.<\/td>\n\n\n\n<td align=\"right\" valign=\"bottom\">48,37<\/td>\n\n<\/tr>\n\n\n       \n\n<tr>\n\n<td align=\"left\" valign=\"bottom\">Steingemisch 0-45mm \/ 6,2 To.<\/td>\n\n\n\n<td align=\"right\" valign=\"bottom\">151,39<\/td>\n\n<\/tr>\n\n\n       \n\n<tr>\n\n<td align=\"left\" valign=\"bottom\">Filtervlies \/ 20m\u00b2<\/td>\n\n\n\n<td align=\"right\" valign=\"bottom\">31,32<\/td>\n\n<\/tr>\n\n\n       \n\n<tr>\n\n<td><\/td>\n\n\n\n<td style=\"border-top: 1px solid black\" align=\"right\" valign=\"bottom\">1.343,24<\/td>\n\n<\/tr>\n\n\n\n      <\/table>\n\n  --><\/p><\/div>\n<p>Uns gefiel an unserem Haus eigentlich alles &#8211; bis auf die Tatsache, dass wir keine Terrasse hatten. Die Vorbesitzerin hat einfach immer die Gartenm\u00f6bel auf den Rasen gestellt. Nicht das, was wir uns so vorstellten. Eine richtige Terrasse musste her.<\/p>\n<h4>Wohin mit der Terrasse?<\/h4>\n<p>Zun\u00e4chst dachten wir an die hinterste Ecke des Grundst\u00fccks. Am weitesten von allen Ausg\u00e4ngen entfernt und im Osten des Hauses. Weit genug, dass fast durchg\u00e4ngig Sonne dort ist. Allerdings &#8230; wer hat Lust, die ganzen Klamotten aus dem Haus zur Terrasse zu schleppen, wenn man vielleicht nur gerade Kaffee dort trinken will? Stimmt, keiner. Also n\u00e4her ans Haus.<\/p>\n<p>Dort war aber an der einzig passenden Stelle &#8211; nach S\u00fcd-Westen &#8211; eine Mulde, damit ein Kellerfenster sch\u00f6n Licht bekam. Die Vorbesitzerin hatte dort ein Quasi-B\u00fcro. Das brauchen wir nicht, ich sitze <s>st\u00e4ndig<\/s> oft am Computer und da bin ich dann nicht gerne in einem Kellerloch. Also dorthin! Bei der Gelegenheit konnten wir auch gleich noch einen Gro\u00dfteil der pflegebed\u00fcrftigen Blumenbeete entsorgen. Machen eh nur Arbeit &#8211; und zumindest mein Hobby ist das nicht.<\/p>\n<p style=\"text-align:center;\"><script type=\"text\/javascript\"><!--\ngoogle_ad_client = \"ca-pub-0698563422581405\";\n\/* Mein Senf - Holzterrasse (300x250) *\/\ngoogle_ad_slot = \"3267839946\";\ngoogle_ad_width = 300;\ngoogle_ad_height = 250;\n\/\/-->\n<\/script><br \/>\n<script type=\"text\/javascript\"\nsrc=\"http:\/\/pagead2.googlesyndication.com\/pagead\/show_ads.js\">\n<\/script><\/p>\n<h4>Stein oder Holz?<\/h4>\n<p>Die Wahl zwischen Steinplatten oder Holz fiel uns sehr einfach. Holz ist w\u00e4rmer, sch\u00f6ner und ich kann es leichter verarbeiten. Haben wir nat\u00fcrlich genommen, nachdem uns von allen Seiten nur Unverst\u00e4ndnis und Zweifel entgegengeworfen wurden.<\/p>\n<p>Dann erst Recht! *g* Zun\u00e4chst guckte ich \u00fcberall nach Douglasie &#8211; wegen des vermeintlichen Kostenvorteils. Aber als ich mal bei Holzh\u00e4ndlern umh\u00f6rte, schwenkte ich schnell auf Bangkirai um. Schien mir sicherer &#8211; und das andere wollte mir au\u00dfer Baum\u00e4rkten auch keiner verkaufen. Und die h\u00e4tten das gleiche Geld genommen, wie der Holzh\u00e4ndler f\u00fcr Bangkirai.<\/p>\n<p align=\"center\"><img loading=\"lazy\" decoding=\"async\" src=\"http:\/\/www.andreas-edler.de\/grafik\/holzterrasse_vorher.jpg\" width=\"470\" height=\"352\" border=\"0\" alt=\"\"><\/p>\n<h4>In die H\u00e4nde gespuckt!<\/h4>\n<p>Danach ging&#8217;s los. Immer am Wochenende und ab und zu nach der Arbeit. Viel zu beachten gibt&#8217;s gar nicht. Ordentliches Grundger\u00fcst &#8211; am besten in Beton. Vom Auflegen der Holzbalken auf einfache Platten halte ich nix. Dick Schotter drunter. Ausrichten, zus\u00e4gen, verschrauben fertig!<\/p>\n<p align=\"center\"><img loading=\"lazy\" decoding=\"async\" src=\"http:\/\/www.andreas-edler.de\/grafik\/holzterrasse_mit_tim.jpg\" width=\"470\" height=\"352\" border=\"0\" alt=\"\"><\/p>\n<p>Etwas ausf\u00fchrlicher habe ich das im Blog beschrieben. Die Links findet ihr ja oben! Vielleicht findet der ein oder andere ja Anregungen bzw. Tipps! Ansonsten k\u00f6nnte ihr ruhig fragen &#8211; was ich wei\u00df beantworte ich gerne!<\/p>\n","protected":false},"excerpt":{"rendered":"<p>&#8230; eine kleine, bebilderte Anleitung vom 26.03.2005 bis zum 28.05.2005 Wie hab&#8216; ich&#8217;s gemacht?Verweise ins Blog &#8230; 26.03.2005 &#8211; Lichtschacht bauen 04.04.2005 &#8211; Wackerstein bewegen 07.04.2005 &#8211; Rindenmulch weg 13.04.2005 &#8211; ausschachten 16.04.2005 &#8211; ausschachten II 23.04.2005 &#8211; Schilderpf\u00e4hle setzen &hellip;<\/p>\n<p class=\"read-more\"> <a class=\"more-link\" href=\"https:\/\/www.andreas-edler.de\/blog\/holzterrasse\/\"> <span class=\"screen-reader-text\">Holzterrasse aus Bangkirai selbstgebaut<\/span> Weiterlesen &raquo;<\/a><\/p>\n","protected":false},"author":1,"featured_media":0,"parent":0,"menu_order":16,"comment_status":"open","ping_status":"open","template":"","meta":{"ngg_post_thumbnail":0,"activitypub_content_warning":"","activitypub_content_visibility":"","activitypub_max_image_attachments":2,"activitypub_interaction_policy_quote":"anyone","activitypub_status":"","footnotes":""},"class_list":["post-7150","page","type-page","status-publish","hentry"],"_links":{"self":[{"href":"https:\/\/www.andreas-edler.de\/blog\/wp-json\/wp\/v2\/pages\/7150","targetHints":{"allow":["GET"]}}],"collection":[{"href":"https:\/\/www.andreas-edler.de\/blog\/wp-json\/wp\/v2\/pages"}],"about":[{"href":"https:\/\/www.andreas-edler.de\/blog\/wp-json\/wp\/v2\/types\/page"}],"author":[{"embeddable":true,"href":"https:\/\/www.andreas-edler.de\/blog\/wp-json\/wp\/v2\/users\/1"}],"replies":[{"embeddable":true,"href":"https:\/\/www.andreas-edler.de\/blog\/wp-json\/wp\/v2\/comments?post=7150"}],"version-history":[{"count":0,"href":"https:\/\/www.andreas-edler.de\/blog\/wp-json\/wp\/v2\/pages\/7150\/revisions"}],"wp:attachment":[{"href":"https:\/\/www.andreas-edler.de\/blog\/wp-json\/wp\/v2\/media?parent=7150"}],"curies":[{"name":"wp","href":"https:\/\/api.w.org\/{rel}","templated":true}]}}