{"id":17453,"date":"2013-01-06T13:10:15","date_gmt":"2013-01-06T12:10:15","guid":{"rendered":"http:\/\/www.andreas-edler.de\/blog\/?page_id=17453"},"modified":"2013-01-06T13:10:15","modified_gmt":"2013-01-06T12:10:15","slug":"px-125-lusso","status":"publish","type":"page","link":"https:\/\/www.andreas-edler.de\/blog\/vespa\/px-125-lusso\/","title":{"rendered":"PX 125 Lusso"},"content":{"rendered":"<br \/>\n<h3>PX 125 Lusso &#8211; meine dritte Vespa<\/h3>\n<p>Im Mai 2001 war es mir mit der <a href=\"http:\/\/www.andreas-edler.de\/blog\/vespa\/v50-elestart\/\">elestart<\/a> dann endlich leid mit knapp 40 km\/h rumzugurken und ich begann nach einer 125er zu suchen. Im <a href=\"http:\/\/www.dhd.de\">hei\u00dfen Draht<\/a> wurde ich denn auch schnell f\u00fcndig. In B\u00fcnde sollte eine PX 125 mit &quot;Getriebeschaden&quot; zu verkaufen sein. Naja, und alles was nicht Elektrik ist, ist irgendwie kein Problem. Also kurz telefoniert und beim Preis von DM 200,&#8211; mu\u00dfte ich schlucken ;-) Naja, &#8217;ne Sch\u00f6nheit ist die PX nicht, reichlich Schrammen und Macken, aber keine Durchrostungen und nicht verbastelt.<\/p>\n<p align=\"center\"><img loading=\"lazy\" decoding=\"async\" src=\"http:\/\/www.andreas-edler.de\/grafik\/vespa\/px125_rechte_seite.jpg\" width=\"490\" height=\"386\" border=\"0\" alt=\"\"><\/p>\n<p>Der Vorbesitzer erz\u00e4hlte, da\u00df der Motor an einer Kreuzung lief, er den ersten Gang eingelegt hat und der Roller dann pl\u00f6tzlich nicht mehr fuhr. Motor und Elektrik alles bestens, nur keine Vortrieb mehr. Sein H\u00e4ndler behauptete, die Reparatur w\u00e4re immens teuer und nicht mehr lohnend -> Weg mit der Karre! Nachdem ich jetzt endlich Zeit gefunden habe, mir das mal anzusehen, ist es aber nur eine ausgenudelte Bremstrommel. Die Zahnkr\u00e4nze sind im Nirvana. Kinkerlitzchen also.<\/p>\n<p align=\"center\"><img loading=\"lazy\" decoding=\"async\" src=\"http:\/\/www.andreas-edler.de\/grafik\/vespa\/px125_gepaeckfach_gammel.jpg\" width=\"230\" height=\"155\" border=\"0\" alt=\"\">&nbsp;<img loading=\"lazy\" decoding=\"async\" src=\"http:\/\/www.andreas-edler.de\/grafik\/vespa\/px125_motor.jpg\" width=\"230\" height=\"155\" border=\"0\" alt=\"\"><br \/><img loading=\"lazy\" decoding=\"async\" src=\"http:\/\/www.andreas-edler.de\/grafik\/vespa\/px125_motor_zusammen.jpg\" width=\"230\" height=\"174\" border=\"0\" alt=\"\"><\/p>\n<p>Das Ding wird jetzt g\u00e4ngig gemacht und etwas geputzt und dann dem T\u00dcV vorgef\u00fchrt. Ist immerhin stillgelegt. Danach werde ich mich mal etwas um die Karrosserie k\u00fcmmern &#8230; irgendwann ;-)<\/p>\n","protected":false},"excerpt":{"rendered":"<p>PX 125 Lusso &#8211; meine dritte Vespa Im Mai 2001 war es mir mit der elestart dann endlich leid mit knapp 40 km\/h rumzugurken und ich begann nach einer 125er zu suchen. Im hei\u00dfen Draht wurde ich denn auch schnell &hellip;<\/p>\n<p class=\"read-more\"> <a class=\"more-link\" href=\"https:\/\/www.andreas-edler.de\/blog\/vespa\/px-125-lusso\/\"> <span class=\"screen-reader-text\">PX 125 Lusso<\/span> Weiterlesen &raquo;<\/a><\/p>\n","protected":false},"author":1,"featured_media":0,"parent":9124,"menu_order":0,"comment_status":"open","ping_status":"open","template":"","meta":{"ngg_post_thumbnail":0,"activitypub_content_warning":"","activitypub_content_visibility":"","activitypub_max_image_attachments":2,"activitypub_interaction_policy_quote":"anyone","activitypub_status":"","footnotes":""},"class_list":["post-17453","page","type-page","status-publish","hentry"],"_links":{"self":[{"href":"https:\/\/www.andreas-edler.de\/blog\/wp-json\/wp\/v2\/pages\/17453","targetHints":{"allow":["GET"]}}],"collection":[{"href":"https:\/\/www.andreas-edler.de\/blog\/wp-json\/wp\/v2\/pages"}],"about":[{"href":"https:\/\/www.andreas-edler.de\/blog\/wp-json\/wp\/v2\/types\/page"}],"author":[{"embeddable":true,"href":"https:\/\/www.andreas-edler.de\/blog\/wp-json\/wp\/v2\/users\/1"}],"replies":[{"embeddable":true,"href":"https:\/\/www.andreas-edler.de\/blog\/wp-json\/wp\/v2\/comments?post=17453"}],"version-history":[{"count":0,"href":"https:\/\/www.andreas-edler.de\/blog\/wp-json\/wp\/v2\/pages\/17453\/revisions"}],"up":[{"embeddable":true,"href":"https:\/\/www.andreas-edler.de\/blog\/wp-json\/wp\/v2\/pages\/9124"}],"wp:attachment":[{"href":"https:\/\/www.andreas-edler.de\/blog\/wp-json\/wp\/v2\/media?parent=17453"}],"curies":[{"name":"wp","href":"https:\/\/api.w.org\/{rel}","templated":true}]}}