{"id":170474,"date":"2023-09-10T15:28:24","date_gmt":"2023-09-10T13:28:24","guid":{"rendered":"https:\/\/www.andreas-edler.de\/blog\/?page_id=170474"},"modified":"2025-07-12T19:03:50","modified_gmt":"2025-07-12T17:03:50","slug":"daenemark-1994","status":"publish","type":"page","link":"https:\/\/www.andreas-edler.de\/blog\/urlaub\/daenemark-1994\/","title":{"rendered":"D\u00e4nemark 1994"},"content":{"rendered":"<h4>Wahrscheinlich vom 06.08. &#8211; 13.08.1994<\/h4>\n<p><a href=\"https:\/\/www.andreas-edler.de\/blog\/wp-content\/uploads\/2023\/09\/tankquittung-19940809.png\"><img loading=\"lazy\" decoding=\"async\" src=\"https:\/\/www.andreas-edler.de\/blog\/wp-content\/uploads\/2023\/09\/tankquittung-19940809-111x250.png\" alt=\"\" width=\"111\" height=\"250\" class=\"alignright size-medium wp-image-170475\" srcset=\"https:\/\/www.andreas-edler.de\/blog\/wp-content\/uploads\/2023\/09\/tankquittung-19940809-111x250.png 111w, https:\/\/www.andreas-edler.de\/blog\/wp-content\/uploads\/2023\/09\/tankquittung-19940809-209x470.png 209w, https:\/\/www.andreas-edler.de\/blog\/wp-content\/uploads\/2023\/09\/tankquittung-19940809-768x1731.png 768w, https:\/\/www.andreas-edler.de\/blog\/wp-content\/uploads\/2023\/09\/tankquittung-19940809-681x1536.png 681w, https:\/\/www.andreas-edler.de\/blog\/wp-content\/uploads\/2023\/09\/tankquittung-19940809-909x2048.png 909w, https:\/\/www.andreas-edler.de\/blog\/wp-content\/uploads\/2023\/09\/tankquittung-19940809-100x225.png 100w, https:\/\/www.andreas-edler.de\/blog\/wp-content\/uploads\/2023\/09\/tankquittung-19940809-150x338.png 150w, https:\/\/www.andreas-edler.de\/blog\/wp-content\/uploads\/2023\/09\/tankquittung-19940809-200x451.png 200w, https:\/\/www.andreas-edler.de\/blog\/wp-content\/uploads\/2023\/09\/tankquittung-19940809-300x676.png 300w, https:\/\/www.andreas-edler.de\/blog\/wp-content\/uploads\/2023\/09\/tankquittung-19940809-450x1014.png 450w, https:\/\/www.andreas-edler.de\/blog\/wp-content\/uploads\/2023\/09\/tankquittung-19940809-600x1352.png 600w, https:\/\/www.andreas-edler.de\/blog\/wp-content\/uploads\/2023\/09\/tankquittung-19940809-900x2029.png 900w, https:\/\/www.andreas-edler.de\/blog\/wp-content\/uploads\/2023\/09\/tankquittung-19940809.png 1067w\" sizes=\"auto, (max-width: 111px) 100vw, 111px\" \/><\/a> Von diesem Urlaub haben wir nur zwei &#8222;Beweise&#8220;, dass es ihn gab. Zun\u00e4chst ist da einmal eine Tankquittung vom 09.08.1994 f\u00fcr 32,46l bleifreies Benzin. Das schr\u00e4nkt den Zeitraum auf die oben beschriebene Woche ein &#8211; zumindest das Jahr und der Monat sind sicher.<\/p>\n<p>Alex und ich haben als wir noch frisch verliebt waren nie lange Urlaub gemacht. Wenn es hoch kam waren wir 10 Tage weg. In diesem Fall wissen wir aber noch, dass wir mit Zelt unterwegs waren. So eins, in dem man in der Mitte gerade so stehen kann (und mit dem wir sp\u00e4ter auch noch <a href=\"https:\/\/www.andreas-edler.de\/blog\/urlaub\/kroatien_porec\/\" rel=\"noopener\" target=\"_blank\">unsere Flitterwochen in Kroatien<\/a> verbrachten). Aufgrund des Jahres wei\u00df ich auch, dass wir mit dem anthrazitfarbenen <a href=\"https:\/\/www.andreas-edler.de\/blog\/2006\/09\/die-autos\/#tipo\" rel=\"noopener\" target=\"_blank\">Fiat Tipo<\/a> unterwegs waren. Und wir scheinen auch einige Ausfl\u00fcge gemacht zu haben. Denn wir haben in <a href=\"https:\/\/goo.gl\/maps\/gnfrtTkSks71rn268\" rel=\"noopener\" target=\"_blank\">Thisted<\/a> getankt (<a href=\"https:\/\/goo.gl\/maps\/MX69rCcWADcfVbGPA\" rel=\"noopener\" target=\"_blank\">an der Adresse ist immer noch ein Tankstelle<\/a>) und diese Stadt liegt an der Nordseek\u00fcste von D\u00e4nemark, w\u00e4hrend wir an der Ostsee campierten.<\/p>\n<figure id=\"attachment_170479\" aria-describedby=\"caption-attachment-170479\" style=\"width: 470px\" class=\"wp-caption aligncenter\"><a href=\"https:\/\/www.andreas-edler.de\/blog\/wp-content\/uploads\/2023\/09\/2023-09-10-15.04.30.jpg\"><img loading=\"lazy\" decoding=\"async\" src=\"https:\/\/www.andreas-edler.de\/blog\/wp-content\/uploads\/2023\/09\/2023-09-10-15.04.30-470x270.jpg\" alt=\"\" width=\"470\" height=\"270\" class=\"size-large wp-image-170479\" srcset=\"https:\/\/www.andreas-edler.de\/blog\/wp-content\/uploads\/2023\/09\/2023-09-10-15.04.30-470x270.jpg 470w, https:\/\/www.andreas-edler.de\/blog\/wp-content\/uploads\/2023\/09\/2023-09-10-15.04.30-250x143.jpg 250w, https:\/\/www.andreas-edler.de\/blog\/wp-content\/uploads\/2023\/09\/2023-09-10-15.04.30-768x440.jpg 768w, https:\/\/www.andreas-edler.de\/blog\/wp-content\/uploads\/2023\/09\/2023-09-10-15.04.30-100x57.jpg 100w, https:\/\/www.andreas-edler.de\/blog\/wp-content\/uploads\/2023\/09\/2023-09-10-15.04.30-150x86.jpg 150w, https:\/\/www.andreas-edler.de\/blog\/wp-content\/uploads\/2023\/09\/2023-09-10-15.04.30-200x115.jpg 200w, https:\/\/www.andreas-edler.de\/blog\/wp-content\/uploads\/2023\/09\/2023-09-10-15.04.30-300x172.jpg 300w, https:\/\/www.andreas-edler.de\/blog\/wp-content\/uploads\/2023\/09\/2023-09-10-15.04.30-450x258.jpg 450w, https:\/\/www.andreas-edler.de\/blog\/wp-content\/uploads\/2023\/09\/2023-09-10-15.04.30-600x344.jpg 600w, https:\/\/www.andreas-edler.de\/blog\/wp-content\/uploads\/2023\/09\/2023-09-10-15.04.30-900x516.jpg 900w, https:\/\/www.andreas-edler.de\/blog\/wp-content\/uploads\/2023\/09\/2023-09-10-15.04.30.jpg 1280w\" sizes=\"auto, (max-width: 470px) 100vw, 470px\" \/><\/a><figcaption id=\"caption-attachment-170479\" class=\"wp-caption-text\">Tasse: Fornaes Camping<\/figcaption><\/figure>\n<p>Ziemlich sicher bin ich mir da, weil seitdem (zweiter Beweis!) auf meinem Schreibtisch eine Tasse des Campingplatzes steht und als Stifthalter dient. An <a href=\"https:\/\/goo.gl\/maps\/iL7ahX358hoEu5Hv6\" rel=\"noopener\" target=\"_blank\">Forn\u00e6s Camping<\/a> kann ich mich auch noch gut erinnern. An den Zuschnitt des Platzes, dass er im wesentlichen aus einer Wiese mit sehr geraden Hecken darauf bestand. Und an die Kieselsteink\u00fcste mit vielen, vielen Quallen im Wasser. Baden waren wir somit nicht besonders oft. Ebenfalls nachhaltig im Ged\u00e4chtnis geblieben sind die vielen Marienk\u00e4fer, die den Platz quasi bedeckten. Zumindest erz\u00e4hlen Alex und ich uns das jedesmal, wenn wir darauf zu sprechen kommen.<\/p>\n<p>Ich wei\u00df, dass ich in dem Urlaub unbedingt nach <a href=\"https:\/\/goo.gl\/maps\/AUukVagiDdSCHDWB9\" rel=\"noopener\" target=\"_blank\">Skagen<\/a> wollte und gehe davon aus, dass wir die Tour auch gemacht haben. M\u00f6glicherweise sind wir danach \u00fcber Thisted zur\u00fcck gefahren. Wie wir so ganz ohne Internet auf den Campingplatz gekommen sind und was wir dort sonst noch so gemacht haben, wei\u00df ich allerdings beim besten Willen nicht mehr.<\/p>\n<p>Es muss aber ganz nett gewesen sein, denn Alex und ich sind ja immer noch zusammen und haben danach noch weitere Urlaube zusammen verbracht ;-)<\/p>\n","protected":false},"excerpt":{"rendered":"<p>Wahrscheinlich vom 06.08. &#8211; 13.08.1994 Von diesem Urlaub haben wir nur zwei &#8222;Beweise&#8220;, dass es ihn gab. Zun\u00e4chst ist da einmal eine Tankquittung vom 09.08.1994 f\u00fcr 32,46l bleifreies Benzin. Das schr\u00e4nkt den Zeitraum auf die oben beschriebene Woche ein &#8211; &hellip;<\/p>\n<p class=\"read-more\"> <a class=\"more-link\" href=\"https:\/\/www.andreas-edler.de\/blog\/urlaub\/daenemark-1994\/\"> <span class=\"screen-reader-text\">D\u00e4nemark 1994<\/span> Weiterlesen &raquo;<\/a><\/p>\n","protected":false},"author":1,"featured_media":0,"parent":8135,"menu_order":39,"comment_status":"open","ping_status":"closed","template":"","meta":{"ngg_post_thumbnail":0,"activitypub_content_warning":"","activitypub_content_visibility":"","activitypub_max_image_attachments":2,"activitypub_interaction_policy_quote":"anyone","activitypub_status":"federated","footnotes":""},"class_list":["post-170474","page","type-page","status-publish","hentry"],"_links":{"self":[{"href":"https:\/\/www.andreas-edler.de\/blog\/wp-json\/wp\/v2\/pages\/170474","targetHints":{"allow":["GET"]}}],"collection":[{"href":"https:\/\/www.andreas-edler.de\/blog\/wp-json\/wp\/v2\/pages"}],"about":[{"href":"https:\/\/www.andreas-edler.de\/blog\/wp-json\/wp\/v2\/types\/page"}],"author":[{"embeddable":true,"href":"https:\/\/www.andreas-edler.de\/blog\/wp-json\/wp\/v2\/users\/1"}],"replies":[{"embeddable":true,"href":"https:\/\/www.andreas-edler.de\/blog\/wp-json\/wp\/v2\/comments?post=170474"}],"version-history":[{"count":0,"href":"https:\/\/www.andreas-edler.de\/blog\/wp-json\/wp\/v2\/pages\/170474\/revisions"}],"up":[{"embeddable":true,"href":"https:\/\/www.andreas-edler.de\/blog\/wp-json\/wp\/v2\/pages\/8135"}],"wp:attachment":[{"href":"https:\/\/www.andreas-edler.de\/blog\/wp-json\/wp\/v2\/media?parent=170474"}],"curies":[{"name":"wp","href":"https:\/\/api.w.org\/{rel}","templated":true}]}}