{"id":11068,"date":"2011-12-20T22:17:37","date_gmt":"2011-12-20T21:17:37","guid":{"rendered":"http:\/\/www.andreas-edler.de\/blog\/?page_id=11068"},"modified":"2022-10-28T18:49:39","modified_gmt":"2022-10-28T16:49:39","slug":"heimkino","status":"publish","type":"page","link":"https:\/\/www.andreas-edler.de\/blog\/dies-das\/heimkino\/","title":{"rendered":"Heimkino"},"content":{"rendered":"<div class=\"info\">\n<h5>Verschiedene Seiten im Blog:<\/h5>\n<ul>\n\t<!-- \n\n<li><a href=\"http:\/\/www.andreas-edler.de\/hk_filmliste.php\">LDs<\/a><\/li>\n\n --><\/p>\n<li><a href=\"https:\/\/www.andreas-edler.de\/blog\/dies-das\/heimkino\/laserdisc\/\">Laserdiscs<\/a><\/li>\n<li><a href=\"http:\/\/www.invelos.com\/dvdcollection.aspx\/filmfacts\" target=\"_new\" rel=\"noopener\">DVDs<\/a><\/li>\n<li><a href=\"http:\/\/www.andreas-edler.de\/blog\/2003\/01\/panasonic-pt-ae-100e-2\/\">Beamer<\/a><\/li>\n<li><a href=\"http:\/\/www.andreas-edler.de\/blog\/2003\/08\/klang-ton-ct197\/\">CT197<\/a><\/li>\n<li><a href=\"http:\/\/www.andreas-edler.de\/blog\/2002\/12\/mivoc-sb150-im-hifi-rack\/\">SB150 als Center im Hifi-Rack<\/a><\/li>\n<li><a href=\"http:\/\/www.andreas-edler.de\/blog\/2002\/10\/subwoofer-mit-raveland-axx-1212-chassis\/\">Subwoofer mit Raveland AXX1212 Chassis<\/a><\/li>\n<li><a href=\"http:\/\/www.andreas-edler.de\/blog\/2000\/12\/klang-ton-ct146\/\">CT146<\/a><\/li>\n<li><a href=\"http:\/\/www.andreas-edler.de\/blog\/2000\/12\/bodyshaker\/\">Shaker<\/a><\/li>\n<li><a href=\"http:\/\/www.andreas-edler.de\/blog\/2000\/12\/visaton-fr10\/\">Restebox mit Visaton FR10<\/a><\/li>\n<li><a href=\"http:\/\/www.andreas-edler.de\/blog\/2006\/04\/axx1010-mit-mivoc-am80-subwoofer-nicht\/\">Subwoofer mit AXX1010 und AM80<\/a><\/li>\n<li>[Auto] <a href=\"http:\/\/www.andreas-edler.de\/blog\/2006\/12\/anlage-im-volvo-v40\/\">Volvo HiFi<\/a><\/li>\n<\/ul>\n<\/div>\n<p>Seit dem 15.02.2002 nennen wir nun endlich ein Haus unser eigen. Das bringt neben einer ganze Menge Arbeit auch endlich die M\u00f6glichkeit mal &#8222;ordentlich&#8220; einen Film zu gucken. Doch vor dem Vergn\u00fcgen kommt immer erst die Arbeit und so wollte die komplette Einrichtung nebst Anlage aus der Mietwohnung in die eigenen vier W\u00e4nde transportiert werden. Schon bei den ersten M\u00f6belst\u00fccken, machte ich klar, wo f\u00fcr mich die Priorit\u00e4ten liegen ;-)<\/p>\n<p>Am n\u00e4chsten Tag war das Ganze wenigstens benutzbar, aber meilenweit von wohnlich entfernt. Wichtig ist zu dem Zeitpunkt ja auch nur, da\u00df man etwas zur Beschallung hat, w\u00e4hrend man aufr\u00e4umt. Und Aufzur\u00e4umen gibt&#8217;s genug &#8230; soviel ist sicher!<\/p>\nngg_shortcode_0_placeholder\n<p>Als n\u00e4chstes machte ich mich daran, den gleichen Fehler der Mietwohnung nicht zu wiederholen, und begann die Kabel gleich ordentlich zu den hinteren Boxen zu verlegen. Zu allem \u00dcberflu\u00df hat man dann auch noch einen Stein bei der besseren H\u00e4lfte im Brett, da das im Verlauf der Wohnphase, die Putz- und Aufr\u00e4umarbeiten wesentlich vereinfacht. Nat\u00fcrlich ist das nicht allein Aufgabe der besseren H\u00e4lfte, aber wom\u00f6glich denkt diese doch noch etwas eher daran, als ich *g*<\/p>\n<p>Da wir die W\u00e4nde nicht komplett neu tapeziert haben, sondern nur den Pinsel und die Rolle mit wei\u00dfer Farbe geschwungen haben, entfiel schon mal die M\u00f6glichkeit, die Kabel unter Putz verschwinden zu lassen. Aber die kleinen selbstklebenden Kabelkan\u00e4le tun auch hervorragend ihren Dienst und lassen das Zimmer wesentlich aufger\u00e4umter erscheinen, als es 4 herumliegende dicke Lautsprecherkabel tun w\u00fcrden.<\/p>\n<p>Die Rearlautsprecher wurden endlich mit ordentlichen Haltern in einer optimalen Position an der Wand angebracht und nicht mehr nur auf irgendwelchen gerade herumstehenden Schr\u00e4nken plaziert. Ob man&#8217;s glaubt oder nicht, der Erfolg ist deutlich h\u00f6rbar. Das Geschehen auf den hinteren Kan\u00e4len ist so wirklich besser zu orten und zu verstehen.<\/p>\n","protected":false},"excerpt":{"rendered":"<p>Verschiedene Seiten im Blog: Laserdiscs DVDs Beamer CT197 SB150 als Center im Hifi-Rack Subwoofer mit Raveland AXX1212 Chassis CT146 Shaker Restebox mit Visaton FR10 Subwoofer mit AXX1010 und AM80 [Auto] Volvo HiFi Seit dem 15.02.2002 nennen wir nun endlich ein &hellip;<\/p>\n<p class=\"read-more\"> <a class=\"more-link\" href=\"https:\/\/www.andreas-edler.de\/blog\/dies-das\/heimkino\/\"> <span class=\"screen-reader-text\">Heimkino<\/span> Weiterlesen &raquo;<\/a><\/p>\n","protected":false},"author":1,"featured_media":0,"parent":19882,"menu_order":2,"comment_status":"open","ping_status":"open","template":"","meta":{"ngg_post_thumbnail":0,"activitypub_content_warning":"","activitypub_content_visibility":"","activitypub_max_image_attachments":2,"activitypub_interaction_policy_quote":"anyone","activitypub_status":"","footnotes":""},"class_list":["post-11068","page","type-page","status-publish","hentry"],"_links":{"self":[{"href":"https:\/\/www.andreas-edler.de\/blog\/wp-json\/wp\/v2\/pages\/11068","targetHints":{"allow":["GET"]}}],"collection":[{"href":"https:\/\/www.andreas-edler.de\/blog\/wp-json\/wp\/v2\/pages"}],"about":[{"href":"https:\/\/www.andreas-edler.de\/blog\/wp-json\/wp\/v2\/types\/page"}],"author":[{"embeddable":true,"href":"https:\/\/www.andreas-edler.de\/blog\/wp-json\/wp\/v2\/users\/1"}],"replies":[{"embeddable":true,"href":"https:\/\/www.andreas-edler.de\/blog\/wp-json\/wp\/v2\/comments?post=11068"}],"version-history":[{"count":0,"href":"https:\/\/www.andreas-edler.de\/blog\/wp-json\/wp\/v2\/pages\/11068\/revisions"}],"up":[{"embeddable":true,"href":"https:\/\/www.andreas-edler.de\/blog\/wp-json\/wp\/v2\/pages\/19882"}],"wp:attachment":[{"href":"https:\/\/www.andreas-edler.de\/blog\/wp-json\/wp\/v2\/media?parent=11068"}],"curies":[{"name":"wp","href":"https:\/\/api.w.org\/{rel}","templated":true}]}}

<div class="info">
<h5>Verschiedene Seiten im Blog:</h5>
<ul>
	<!-- 

<li><a href="http://www.andreas-edler.de/hk_filmliste.php">LDs</a></li>

 --></p>
<li><a href="https://www.andreas-edler.de/blog/dies-das/heimkino/laserdisc/">Laserdiscs</a></li>
<li><a href="http://www.invelos.com/dvdcollection.aspx/filmfacts" target="_new" rel="noopener">DVDs</a></li>
<li><a href="http://www.andreas-edler.de/blog/2003/01/panasonic-pt-ae-100e-2/">Beamer</a></li>
<li><a href="http://www.andreas-edler.de/blog/2003/08/klang-ton-ct197/">CT197</a></li>
<li><a href="http://www.andreas-edler.de/blog/2002/12/mivoc-sb150-im-hifi-rack/">SB150 als Center im Hifi-Rack</a></li>
<li><a href="http://www.andreas-edler.de/blog/2002/10/subwoofer-mit-raveland-axx-1212-chassis/">Subwoofer mit Raveland AXX1212 Chassis</a></li>
<li><a href="http://www.andreas-edler.de/blog/2000/12/klang-ton-ct146/">CT146</a></li>
<li><a href="http://www.andreas-edler.de/blog/2000/12/bodyshaker/">Shaker</a></li>
<li><a href="http://www.andreas-edler.de/blog/2000/12/visaton-fr10/">Restebox mit Visaton FR10</a></li>
<li><a href="http://www.andreas-edler.de/blog/2006/04/axx1010-mit-mivoc-am80-subwoofer-nicht/">Subwoofer mit AXX1010 und AM80</a></li>
<li>[Auto] <a href="http://www.andreas-edler.de/blog/2006/12/anlage-im-volvo-v40/">Volvo HiFi</a></li>
</ul>
</div>
<p>Seit dem 15.02.2002 nennen wir nun endlich ein Haus unser eigen. Das bringt neben einer ganze Menge Arbeit auch endlich die Möglichkeit mal &#8222;ordentlich&#8220; einen Film zu gucken. Doch vor dem Vergnügen kommt immer erst die Arbeit und so wollte die komplette Einrichtung nebst Anlage aus der Mietwohnung in die eigenen vier Wände transportiert werden. Schon bei den ersten Möbelstücken, machte ich klar, wo für mich die Prioritäten liegen ;-)</p>
<p>Am nächsten Tag war das Ganze wenigstens benutzbar, aber meilenweit von wohnlich entfernt. Wichtig ist zu dem Zeitpunkt ja auch nur, daß man etwas zur Beschallung hat, während man aufräumt. Und Aufzuräumen gibt&#8217;s genug &#8230; soviel ist sicher!</p>
ngg_shortcode_0_placeholder
<p>Als nächstes machte ich mich daran, den gleichen Fehler der Mietwohnung nicht zu wiederholen, und begann die Kabel gleich ordentlich zu den hinteren Boxen zu verlegen. Zu allem Überfluß hat man dann auch noch einen Stein bei der besseren Hälfte im Brett, da das im Verlauf der Wohnphase, die Putz- und Aufräumarbeiten wesentlich vereinfacht. Natürlich ist das nicht allein Aufgabe der besseren Hälfte, aber womöglich denkt diese doch noch etwas eher daran, als ich *g*</p>
<p>Da wir die Wände nicht komplett neu tapeziert haben, sondern nur den Pinsel und die Rolle mit weißer Farbe geschwungen haben, entfiel schon mal die Möglichkeit, die Kabel unter Putz verschwinden zu lassen. Aber die kleinen selbstklebenden Kabelkanäle tun auch hervorragend ihren Dienst und lassen das Zimmer wesentlich aufgeräumter erscheinen, als es 4 herumliegende dicke Lautsprecherkabel tun würden.</p>
<p>Die Rearlautsprecher wurden endlich mit ordentlichen Haltern in einer optimalen Position an der Wand angebracht und nicht mehr nur auf irgendwelchen gerade herumstehenden Schränken plaziert. Ob man&#8217;s glaubt oder nicht, der Erfolg ist deutlich hörbar. Das Geschehen auf den hinteren Kanälen ist so wirklich besser zu orten und zu verstehen.</p>
